39?
836
Calculate the remainder when 1119486 is divided by 33.
27
Calculate the remainder when 882443 is divided by 487.
486
Calculate the remainder when 1588941 is divided by 397228.
29
What is the remainder when 147981452 is divided by 114?
104
What is the remainder when 210046314 is divided by 1584?
1578
Calculate the remainder when 5041779 is divided by 1992.
27
What is the remainder when 742023 is divided by 5047?
114
What is the remainder when 277444 is divided by 277422?
22
What is the remainder when 4131454 is divided by 56?
54
Calculate the remainder when 8770782 is divided by 421.
89
Calculate the remainder when 1781476 is divided by 392.
228
What is the remainder when 1062224 is divided by 1465?
99
Calculate the remainder when 1379882 is divided by 49281.
14
What is the remainder when 822048 is divided by 161?
143
What is the remainder when 116583 is divided by 3846?
1203
What is the remainder when 667489 is divided by 2054?
1993
What is the remainder when 730101 is divided by 364875?
351
Calculate the remainder when 2221841 is divided by 111090.
41
Calculate the remainder when 852478 is divided by 552.
190
Calculate the remainder when 26413 is divided by 5011.
1358
What is the remainder when 2087685 is divided by 1792?
5
What is the remainder when 2108326 is divided by 351386?
10
What is the remainder when 1163372 is divided by 89485?
67
Calculate the remainder when 10050343 is divided by 287152.
23
Calculate the remainder when 851293 is divided by 27461.
2
Calculate the remainder when 176764 is divided by 58882.
118
Calculate the remainder when 127026 is divided by 1740.
6
What is the remainder when 19556110 is divided by 1303737?
55
What is the remainder when 5685176 is divided by 1894957?
305
Calculate the remainder when 3010966 is divided by 62.
60
Calculate the remainder when 85222934 is divided by 2078.
2076
Calculate the remainder when 1160469 is divided by 20721.
93
Calculate the remainder when 3058854 is divided by 574.
8
Calculate the remainder when 1897402 is divided by 305.
302
Calculate the remainder when 41380 is divided by 1181.
45
What is the remainder when 104295762 is divided by 162?
0
What is the remainder when 329276 is divided by 31337?
15906
What is the remainder when 17505 is divided by 109?
65
What is the remainder when 13030843 is divided by 443?
441
Calculate the remainder when 12984 is divided by 1290.
84
What is the remainder when 176633811 is divided by 3679871?
3
Calculate the remainder when 143975617 is divided by 1180128.
1
Calculate the remainder when 29102 is divided by 14034.
1034
Calculate the remainder when 475630 is divided by 8492.
78
What is the remainder when 2748824 is divided by 216?
8
Calculate the remainder when 123849 is divided by 61921.
7
Calculate the remainder when 30491377 is divided by 3510.
7
What is the remainder when 19971052 is divided by 2468?
2464
Calculate the remainder when 1582896 is divided by 2981.
2966
What is the remainder when 20760550 is divided by 248?
222
Calculate the remainder when 36783 is divided by 810.
333
Calculate the remainder when 115908 is divided by 2025.
483
What is the remainder when 5002134 is divided by 537?
516
What is the remainder when 406394 is divided by 36253?
7611
Calculate the remainder when 561896 is divided by 448.
104
What is the remainder when 165362 is divided by 398?
192
Calculate the remainder when 316371 is divided by 1884.
1743
What is the remainder when 424740468 is divided by 60677209?
5
What is the remainder when 3301639 is divided by 653?
71
Calculate the remainder when 715798 is divided by 414.
406
What is the remainder when 835003 is divided by 417302?
399
What is the remainder when 31316 is divided by 228?
80
What is the remainder when 615446 is divided by 50?
46
What is the remainder when 1266282 is divided by 422090?
12
What is the remainder when 4199179 is divided by 299936?
75
Calculate the remainder when 61643 is divided by 15385.
103
Calculate the remainder when 8220086 is divided by 55.
6
What is the remainder when 16168590 is divided by 23365?
10
What is the remainder when 1124065 is divided by 431?
17
Calculate the remainder when 2677898 is divided by 990.
938
What is the remainder when 1121537 is divided by 2352?
1985
What is the remainder when 4468862 is divided by 222?
2
Calculate the remainder when 49091745 is divided by 155.
145
Calculate the remainder when 190143 is divided by 711.
306
What is the remainder when 1570242 is divided by 42?
30
Calculate the remainder when 1133977 is divided by 188976.
121
Calculate the remainder when 458518 is divided by 3582.
22
Calculate the remainder when 4072279 is divided by 139.
135
Calculate the remainder when 1512638 is divided by 168067.
35
Calculate the remainder when 112746 is divided by 37481.
303
What is the remainder when 4864079 is divided by 33?
11
What is the remainder when 103696 is divided by 34?
30
What is the remainder when 253938032 is divided by 384?
368
Calculate the remainder when 760713 is divided by 621.
609
Calculate the remainder when 3149277 is divided by 1869.
12
Calculate the remainder when 19649 is divided by 6530.
59
What is the remainder when 71711766 is divided by 8?
6
Calculate the remainder when 67633267 is divided by 296637.
31
Calculate the remainder when 42711 is divided by 7024.
567
What is the remainder when 4345295 is divided by 1086309?
59
What is the remainder when 275812 is divided by 824?
596
What is the remainder when 327454 is divided by 12589?
140
Calculate the remainder when 1947871 is divided by 432.
415
Calculate the remainder when 109229 is divided by 506.
439
Calculate the remainder when 23042 is divided by 19958.
3084
What is the remainder when 364890 is divided by 15520?
7930
What is the remainder when 49220217 is divided by 28?
25
Calculate the remainder when 38388470 is divided by 184.
182
Calculate the remainder when 48541039 is divided by 720.
79
Calculate the remainder when 62704 is divided by 2986.
2984
What is the remainder when 2124980 is divided by 3986?
442
What is the remainder when 424296 is divided by 47?
27
What is the remainder when 1826134 is divided by 1532?
1522
Calculate the remainder when 12188973 is divided by 335.
333
Calculate the remainder when 221179 is divided by 742.
63
What is the remainder when 64003 is divided by 704?
643
What is the remainder when 4671727 is divided by 683?
7
Calculate the remainder when 1030240 is divided by 2178.
46
What is the remainder when 33881 is divided by 296?
137
What is the remainder when 6133843 is divided by 196?
23
What is the remainder when 439860 is divided by 439?
421
What is the remainder when 7379209 is divided by 6291?
6157
Calculate the remainder when 100157800 is divided by 79807.
15
Calculate the remainder when 560798 is divided by 40.
38
Calculate the remainder when 769442 is divided by 76943.
12
Calculate the remainder when 14301 is divided by 6563.
1175
What is the remainder when 26713 is divided by 1214?
5
Calculate the remainder when 17863201 is divided by 1050775.
26
Calculate the remainder when 45762754 is divided by 15254246.
16
What is the remainder when 11823517 is divided by 591175?
17
Calculate the remainder when 10989291 is divided by 17.
15
Calculate the remainder when 4744412 is divided by 279.
17
Calculate the remainder when 99071007 is divided by 7620845.
22
Calculate the remainder when 1620016 is divided by 3576.
88
What is the remainder when 714194 is divided by 2747?
2721
Calculate the remainder when 193499237 is divided by 387.
11
What is the remainder when 9330005 is divided by 482?
413
What is the remainder when 4223034 is divided by 498?
492
Calculate the remainder when 1088203 is divided by 64011.
16
Calculate the remainder when 55258367 is divided by 66.
65
Calculate the remainder when 3190549 is divided by 10325.
124
Calculate the remainder when 50144834 is divided by 755.
754
Calculate the remainder when 1436205 is divided by 21120.
45
Calculate the remainder when 1557368 is divided by 1557356.
12
Calculate the remainder when 881988 is divided by 125990.
58
What is the remainder when 84413444 is divided by 42206708?
28
Calculate the remainder when 21894 is divided by 425.
219
Calculate the remainder when 5680359 is divid